{"id":3380,"date":"2023-05-16T18:21:49","date_gmt":"2023-05-16T18:21:49","guid":{"rendered":"https:\/\/www.pridebarcelona.org\/?page_id=3380"},"modified":"2024-07-23T13:19:34","modified_gmt":"2024-07-23T11:19:34","slug":"pride-bcn-2023","status":"publish","type":"page","link":"https:\/\/www.pridebarcelona.org\/es\/pride-bcn-2023\/","title":{"rendered":"PRIDE! BCN 2023"},"content":{"rendered":"<p>[vc_section][vc_row][vc_column][vc_column_text]<\/p>\n<h1 style=\"text-align: center;\"><b>EL ORGULLO DE NUESTRAS VIDAS<\/b><\/h1>\n<p>[\/vc_column_text][\/vc_column][\/vc_row][vc_row][vc_column width=\u00bb1\/2&#8243;][vc_column_text]Queremos resaltar <strong>la importancia de cuidarnos y apoyarnos mutuamente como miembros de la comunidad<\/strong>, promoviendo un di\u00e1logo intergeneracional enriquecedor.<\/p>\n<p><strong>El Pride! BCN 2023 quiere ser un punto de encuentro de la conversaci\u00f3n intergeneracional:<\/strong> desde aquellas personas que acaban de descubrir su orientaci\u00f3n o identidad, pasando por todas aquellas que la pueden disfrutar en plenitud y felicidad, hasta aqu\u00e9llas que afrontan las \u00faltimas etapas y tambi\u00e9n quieren seguir disfrutando de una diversidad plena, rica y activa.<\/p>\n<p>Ser\u00e1 un espacio intergeneracional en el que <strong>trataremos grandes temas como la salud, la sexualidad, la soledad y la invisibilidad a partir de cierta edad,<\/strong> pero tambi\u00e9n de juventud, cultura y grandes referentes de unas y otras generaciones.<\/p>\n<p>La j<strong>uventud y las personas en edad adulta desempe\u00f1an un papel fundamental en nuestra celebraci\u00f3n.<\/strong> Representan una parte vital de nuestra comunidad, integrados en diversas esferas de la sociedad y con el poder de impulsar nuestras reivindicaciones en todas las direcciones. En el Pride! BCN 2023, abordaremos los desaf\u00edos y problemas que enfrentan en su vida acad\u00e9mica, laboral, empresarial y en sus relaciones personales y familiares.<\/p>\n<p>Dedicaremos especial atenci\u00f3n a la situaci\u00f3n de las personas mayores en nuestra comunidad LGBTIQ+. Reconocemos que enfrentan <strong>desaf\u00edos<\/strong> como la soledad y el aislamiento, agravados por la discriminaci\u00f3n social que han experimentado a lo largo de sus vidas. Queremos que sepan que <strong>no est\u00e1n solos y que en el Pride! BCN 2023 lucharemos por el respeto y la dignidad de nuestras personas mayores LGBTIQ+.<\/strong> Abogaremos por servicios p\u00fablicos inclusivos que brinden apoyo emocional y sanitario en todas las etapas de la vida.<\/p>\n<p><strong>El Pride! BCN 2023 es una celebraci\u00f3n de la diversidad en todas las edades<\/strong>. Queremos destacar que todas las personas, sin importar su edad, merecen pleno respeto. Reconocemos el valioso legado de nuestras personas mayores, quienes han luchado por la libertad y aceptaci\u00f3n que disfrutamos hoy en d\u00eda. \u00danete a nosotros en el Pride! BCN 2023 y celebremos juntos la riqueza de nuestras vidas en todas sus etapas. \u00a1Te esperamos con los brazos abiertos!<\/p>\n<h2><\/h2>\n<p><b>#elorgullodenuestrasvidas<\/b>[\/vc_column_text][\/vc_column][vc_column width=\u00bb1\/2&#8243;][ut_image_gallery thumbnail_size=\u00bbfull\u00bb gallery=\u00bb3474&#8243;][\/vc_column][\/vc_row][\/vc_section]<\/p>\n","protected":false},"excerpt":{"rendered":"<p>[vc_section][vc_row][vc_column][vc_column_text] EL ORGULLO DE NUESTRAS VIDAS [\/vc_column_text][\/vc_column][\/vc_row][vc_row][vc_column width=\u00bb1\/2&#8243;][vc_column_text]Queremos resaltar la  [&#8230;]<\/p>\n","protected":false},"author":2,"featured_media":0,"parent":0,"menu_order":0,"comment_status":"closed","ping_status":"closed","template":"","meta":{"footnotes":""},"class_list":["post-3380","page","type-page","status-publish","hentry"],"_links":{"self":[{"href":"https:\/\/www.pridebarcelona.org\/es\/wp-json\/wp\/v2\/pages\/3380","targetHints":{"allow":["GET"]}}],"collection":[{"href":"https:\/\/www.pridebarcelona.org\/es\/wp-json\/wp\/v2\/pages"}],"about":[{"href":"https:\/\/www.pridebarcelona.org\/es\/wp-json\/wp\/v2\/types\/page"}],"author":[{"embeddable":true,"href":"https:\/\/www.pridebarcelona.org\/es\/wp-json\/wp\/v2\/users\/2"}],"replies":[{"embeddable":true,"href":"https:\/\/www.pridebarcelona.org\/es\/wp-json\/wp\/v2\/comments?post=3380"}],"version-history":[{"count":8,"href":"https:\/\/www.pridebarcelona.org\/es\/wp-json\/wp\/v2\/pages\/3380\/revisions"}],"predecessor-version":[{"id":3476,"href":"https:\/\/www.pridebarcelona.org\/es\/wp-json\/wp\/v2\/pages\/3380\/revisions\/3476"}],"wp:attachment":[{"href":"https:\/\/www.pridebarcelona.org\/es\/wp-json\/wp\/v2\/media?parent=3380"}],"curies":[{"name":"wp","href":"https:\/\/api.w.org\/{rel}","templated":true}]}}

<p>[vc_section][vc_row][vc_column][vc_column_text]</p>
<h1 style="text-align: center;"><b>EL ORGULLO DE NUESTRAS VIDAS</b></h1>
<p>[/vc_column_text][/vc_column][/vc_row][vc_row][vc_column width=»1/2&#8243;][vc_column_text]Queremos resaltar <strong>la importancia de cuidarnos y apoyarnos mutuamente como miembros de la comunidad</strong>, promoviendo un diálogo intergeneracional enriquecedor.</p>
<p><strong>El Pride! BCN 2023 quiere ser un punto de encuentro de la conversación intergeneracional:</strong> desde aquellas personas que acaban de descubrir su orientación o identidad, pasando por todas aquellas que la pueden disfrutar en plenitud y felicidad, hasta aquéllas que afrontan las últimas etapas y también quieren seguir disfrutando de una diversidad plena, rica y activa.</p>
<p>Será un espacio intergeneracional en el que <strong>trataremos grandes temas como la salud, la sexualidad, la soledad y la invisibilidad a partir de cierta edad,</strong> pero también de juventud, cultura y grandes referentes de unas y otras generaciones.</p>
<p>La j<strong>uventud y las personas en edad adulta desempeñan un papel fundamental en nuestra celebración.</strong> Representan una parte vital de nuestra comunidad, integrados en diversas esferas de la sociedad y con el poder de impulsar nuestras reivindicaciones en todas las direcciones. En el Pride! BCN 2023, abordaremos los desafíos y problemas que enfrentan en su vida académica, laboral, empresarial y en sus relaciones personales y familiares.</p>
<p>Dedicaremos especial atención a la situación de las personas mayores en nuestra comunidad LGBTIQ+. Reconocemos que enfrentan <strong>desafíos</strong> como la soledad y el aislamiento, agravados por la discriminación social que han experimentado a lo largo de sus vidas. Queremos que sepan que <strong>no están solos y que en el Pride! BCN 2023 lucharemos por el respeto y la dignidad de nuestras personas mayores LGBTIQ+.</strong> Abogaremos por servicios públicos inclusivos que brinden apoyo emocional y sanitario en todas las etapas de la vida.</p>
<p><strong>El Pride! BCN 2023 es una celebración de la diversidad en todas las edades</strong>. Queremos destacar que todas las personas, sin importar su edad, merecen pleno respeto. Reconocemos el valioso legado de nuestras personas mayores, quienes han luchado por la libertad y aceptación que disfrutamos hoy en día. Únete a nosotros en el Pride! BCN 2023 y celebremos juntos la riqueza de nuestras vidas en todas sus etapas. ¡Te esperamos con los brazos abiertos!</p>
<h2></h2>
<p><b>#elorgullodenuestrasvidas</b>[/vc_column_text][/vc_column][vc_column width=»1/2&#8243;][ut_image_gallery thumbnail_size=»full» gallery=»3474&#8243;][/vc_column][/vc_row][/vc_section]</p>
